hat is the value of -9 + 49 + 100 + -182?
-42
What is the value of 227 + -205 + ((1 - -6) + 14 + -18 - 3)?
22
What is the value of -5 - -2 - (0 + -22 - (-1835 + 1756))?
-60
What is -138 - (6 + 9 - 48) - 15?
-120
What is 0 + -1 + (20 - (-25 - (37 - 30)))?
51
Calculate -48 + -1 + -40 + 90 + -30.
-29
-37 - (-26 + -17) - (2 + (4 - 11))
11
-4 + (-143 - -150) + (2 - 3 - (-3 - -3))
2
What is the value of -17 - (-176 + 31 + 2 - -18)?
108
-101 + 23 + 38 + 7
-33
What is the value of -1 - (-8 - -23) - (-15 - -46)?
-47
What is the value of 163 + (141 - 437) - -8?
-125
What is the value of (-4 - (9 + 5 + (26 - 38))) + -20?
-26
Calculate (4 - (2 - -11)) + 8 + -5.
-6
Calculate 20 + 2 + -1 + -49 - (5 + -1 + -3).
-29
Evaluate -536 + 485 - (-3 - 12).
-36
Evaluate -23 + (26 + -52 - -61).
12
What is 5 - -93 - (-47 + 84)?
61
What is (-1 - 3 - 2) + -3 + 2 + 29 + -81?
-59
What is the value of 1 - (2 + -2 + -22 + 13) - (9 + 36)?
-35
Calculate -1 + -36 + 4 + (-17 - -20) - 10.
-40
What is the value of 5 + 65 + (28 - 19) + 2?
81
(1 - 0) + (-3 - 3 - (-21 - -6)) + -3
7
Evaluate 32 + 0 - (1658 + -1593).
-33
-60 + (32 - 12) + 60 + -2 + -17 + 3
4
What is 4 + 49 + -1 + -21 + (31 - -17) + -10?
69
What is 979 - 885 - (-2 + 2 - -25)?
69
Calculate -57 + 2 + 36 + -35 + 4 + -21.
-71
What is -71 - (-57 - (61 - 25))?
22
Calculate 165 - (203 + (-8 - 73)).
43
-5 - (31 - 34) - -32
30
What is the value of -140 - 20 - -108 - (1 + 9 - 0)?
-62
Calculate 3 + -15 - (83 + -38 + -15) - (-3 - -1).
-40
What is the value of 115 - (-130 + 233) - (2 - 18)?
28
What is -6 + 3 - (3 - 5) - (-2 - 36)?
37
Evaluate 13 - (6 - -2) - (41 - 1).
-35
Calculate (5 + -14 - 10) + (35 - 3).
13
-63 - 4 - (-155 - -97)
-9
-44 + (40 - 18 - (-5 + 16 - -5))
-38
0 + -56 + 7712 + -7731
-75
Calculate (5 - 3) + (-2 - (-10 - -3) - 19) + -51.
-63
Calculate -1165 + 1140 + -71 + -5 + 2.
-99
What is the value of -33 + 25 + (3 - 11) + 11?
-5
(29 - 2 - (688 - 663)) + -45 + 0
-43
17 - (6 + 3 - (-9 + 2)) - (-4 - -50)
-45
What is (8 - (9 - 3)) + (10 - -4 - -1)?
17
What is the value of -48 - -4 - (-11 + 37 + -7 - 14)?
-49
Evaluate 58 + (-127 - (-48 - -21)).
-42
Evaluate -489 + 460 + (16 - -1).
-12
What is the value of (46 - 115) + (-2 - 1) + 110 + -102?
-64
Evaluate (35461 - 35400) + (2 - (-1 + 13 + (-2 - 0))).
53
Calculate 35 + -1 + -13 + (-1 - 4 - -22).
38
Calculate 11 + -19 + 35 + 3 - (-16 + 1).
45
What is the value of (-26 + 10 - (-3 - (2 - 2)) - 2) + 0?
-15
Calculate -487 + 411 + (162 - 1).
85
Evaluate (50 - 34 - (-15 + 11 - 55)) + -18.
57
What is the value of 33 + -108 + 55 - (-29 - 7)?
16
Calculate (-63 - -48) + -53 - -17.
-51
Evaluate 33 + (-111 - -68) + -26.
-36
What is (23 - (-3 - -3)) + -577 + 565 - (2 - 12)?
21
Calculate 19 - 58 - (-107 + 95) - -165.
138
-92 - (8 - (-7 + 68))
-39
(41 - -43) + -48 - -4
40
Evaluate 68 + -125 - 32 - -168.
79
What is the value of (7 - 19 - (5 + -18)) + 49 + 5 + -7?
48
What is (7 - (1 + 3 + -7)) + (-65 - -33)?
-22
35 + (-124 - (-14 + -4 + -2))
-69
Calculate (12 - 3 - (-1 - -5)) + (25 - (14 - 31)).
47
What is the value of (-4 - -77) + (20 - 27 - -16)?
82
What is the value of (22 - 3) + 3 + -1266 + 1250 + -17 + -1?
-12
What is -129 - (-245 + 121) - (9 + -3)?
-11
What is the value of 1 + 0 + -7 - (54 - (27 + (-14 - -16)))?
-31
Evaluate -62 + (-2 - -1) - (14506 + -14523).
-46
What is the value of 1 + 77 - (-186 + -183 + 376)?
71
(318 - 293) + (1 - 20) + (-5 - -3 - 3)
1
What is 51 - -12 - ((-13 - -6 - -10) + 2 + 4)?
54
Evaluate (-1 - 63) + 13 + -23 + (20 - 2).
-56
-7 + (-1 - 19) + 59 + -28 + -19
-15
Evaluate -1 + -38 + -11 + 36 + -23.
-37
Calculate (22 - (30 - 21) - -6) + (-5 - -12).
26
Calculate (-2 - (15 - 77)) + -114.
-54
Calculate -1 + (-1 - (1 - 10)) + (-100 - (121 - 186)).
-28
Calculate 37 - (-53 - -38) - 22.
30
Evaluate 102 + -79 + 51 - 81.
-7
50 - (8 + (-20 - -6) - 5) - 13
48
What is (-39 - 1 - (44 + -48 + 20)) + -6?
-62
What is the value of -780 + 781 + 1 + -14 + 42?
30
What is the value of 17 - (11 - (2 + 11) - -2)?
17
What is 0 + ((0 - -3) + -6 - -10) + (-3174 - -3153)?
-14
What is the value of -1 + 1 - ((3 - 2) + (-21 - (18 + -28)))?
10
Evaluate 58 + 58 + -56 + -35.
25
Calculate -58 + (6 - (8 - -9) - (-6 - (0 - 3))).
-66
What is the value of -62 - (39 - (31 + -49 - -45))?
-74
Evaluate -1 + 33 + (0 - (9 + 0)) + -12 + 15.
26
What is the value of 28 + -108 - (11 + 1 + -6) - (16 + -2)?
-100
(42 - -17) + (-8 - (3 + -3))
51
What is 16 - (-6 + 27 + 43 + 4)?
-52
What is the value of 30 + (-5 - -63 - 10 - 25)?
53
Evaluate (7 - -8 - 19) + -8 + 22.
10
What is (88 - 79) + 1 - 33?
-23
Calculate -6643 + 6678 - (51 + -1).
-15
Calculate 856 + -890 + (-77 - (-16 - -9)).
-104
What is (2437 - 2416) + (0 - 2 - -6)?
25
What is the value of -34 + 3 + (321 - 276) - (-4 - 105)?
123
What is the value of (14 + (-14 - 3) - -1) + -34 + 1?
-35
What is 6 + -8 + 55 + -98?
-45
What is 123 + -125 - (-4 - 0) - -25 - -9 - -8?
44
Calculate 47 + -55 - (-4 - 4) - -36.
36
-24 + -9 - (-18 - 21)
6
What is 35 + -19 + -19 + -5 + 3 + 16 + -1?
10
Evaluate (-12 + 49 + -27 - 17) + 30.
23
What is -1 - (-8 + 1 + -7 - 0) - 0?
13
Evaluate (4 - 10) + (57 - (-1 - 5 - 0)) + 10.
67
Evaluate -60 + (-82 - -107) + (-6 - (2 + -2)).
-41
Evaluate -91 + 179 + 21 - 77.
32
Evaluate 5 + (12 + -13 - -13) - (48 + -46).
15
What is the value of -16 + (6 - -2 - (11 - 5)) + -22?
-36
(17 - (12 - (-44 - -28))) + -25
-36
7 - 0 - -37 - (10 - (8 - 10 - -4))
36
What is (-5 - (8 + -23)) + (3 - (-7 - -16) - -10)?
14
Calculate -2 - -3 - 97 - (1 + 0 + 9 - -4).
-110
Evaluate -25 + (77 - 12) + -85.
-45
33 + 8 + -30 - 52
-41
Calculate (-5 - -13) + -10 + (-1 - (6 + -2)) + 42.
35
What is the value of -128 + (91 - 43) + -9 + -21?
-110
Calculate 18 + 69 - (10 - (-1 - 2) - 13).
87
Evaluate 45 - (15 - (25 + -11)).
44
Evaluate -9088 - -9111 - (0 + -3 + -4).
30
Evaluate 10 + (-34 - 0) + (248 - 229) - -92.
87
What is the value of (2 + 0 - 16) + (2717 - 2615) - 16?
72
What is the value of -4 + -6 + 1 + 5 + -103 + (-31 - -40)?
-98
Calculate 24 - (-7 - (11 - -9 - 9)).
42
What is the value of -103 + 270 + (9 - 80)?
96
Evaluate -20 - (16 - (-30 + 10 - -32)).
-24
What is (-2 - -12) + (-30 - (40 + -82) - 20)?
2
What is the value of -18 + -3 + -7 + -17?
-45
What is the value of 6 + 8 + (27 - -31) + -33?
39
What is 12 + -8 + -8 + (-24 + 54 - 122)?
-96
Evaluate -27 - (6 + 10 + 1 + (20 - 15)).
-49
What is the value of -35 + 49 + -28 + -11 - 14?
-39
What is the value of 15 + -2 + 3 + (-2 - -3) + -8 - 38?
-29
What is the value of -68 + 16 + (13 - 39) + (-2 - -10)?
-70
What is the value of 2 + -1 + -7 - (-1 + 14 + 0)?
-19
What is (-4 - 16) + (98 + -22 - -25)?
81
What is the value of 0 - (-3 - 4) - (1 + 22 + -42 + 51)?
-25
-3 + (-3 - -6) - (885 + -907 + 69 + -1)
-46
What is the value of -4 - (-41 + -5 + (7 - (12 + -17 + 6)))?
36
What is (3 - 86 - (15 - (43 - (10 + 7)))) + 14?
-58
What is (-32 - (19 - 58)) + -20 - (1 + -1 + 48)?
-61
What is the value of -59 + 31 + (5 - -4)?
-19
What is the value of -36 - (-22 + -12 + 29)?
-31
What is (-35 - -25 - 5) + 53?
38
38 - ((-17 - -14 - -26) + -9)
24
What is the value of (17 - -23) + -6 + (-4 - (-3 + 3)) - -9?
39
Calculate (16 - -5 - (-118 + 119)) + 4 - -18.
42
Evaluate -3 + 13 + 2 + -23 + (-12 - 31).
-54
Calculate 1 + -22 + (-6645 - -6707).
41
What is 17 + 21 + 30 + -1 + -53?
14
What is -371 + 385 - (15 + 0) - (-54 + -5)?
58
What is the value of 148 + (-2 - (-13 + 6 + 34 - 22))?
141
Evaluate -6 - 16 - (85 + -157).
50
What is the value of -53 - (-21 - (-23 - -58))?
3
Evaluate (-2 - -6) + 26 - (4 - (23 - 13)).
36
Calculate (-20 - 3) + -4 + 17 + (-10 - 2).
-22
Evaluate -19 + -24 + 45 + (-18 - 5).
-21
Calculate -163 - -143 - (108 - (-6 - (-15 - -4))).
-123
What is 97 + -46 + 25 + (-5 - 7)?
64
-1 + -2 + 24 + (-14 - -10) + (-1 - 7)
9
Calculate 31 + 5 + (187 - 191).
32
24 - (-13 - (-2 + -16)) - -11
30
Evaluate 35 + -44 + -42 - ((20 - 3) + 3).
-71
-100 + 10 - (73 + -26 + -56)
-81
71 - 100 - 109 - -103
-35
Calculate 49 + (-25 + -3 - 35 - 32).
-46
-5 - (15 + 27 + -37) - (-1 + (45 - -1))
-55
Evaluate -10 + -4 + (-2 - -3) + (-40 - (-17 - 22)).
-14
Evaluate 13 - (44 - (-21 + 30 + (-18 - -6))).
-34
Evaluate 107 + (-41 + 43 - -19) + -29.
99
What is the value of 63 + -43 + 1 - 121?
-100
What is the value of 7 - 7 - (22 + -25 - 12)?
15
Evaluate -4 + 106 - (-2118 + 21